r(d) - 3*u(d). Suppose -32 = 5*a - 207. Suppose -4*q - 35 = -3*y - 8, a = 4*y - 5*q. What is k(y)?
-6
Let h(m) = m - 1. Let w = -4 + 7. Let o = w + -5. What is h(o)?
-3
Let j(r) = r + 6. Suppose 2*v + 6 + 6 = 0. Give j(v).
0
Suppose 0 = 2*b + 1 - 11. Suppose 2*a + 3 = -0*f + 5*f, -a + b*f = 9. Let w(p) = -p + 3. Determine w(a).
-3
Let c(z) be the first derivative of -6*z + 4 + 5/2*z**2. What is c(4)?
14
Let j(z) = z**3 + 18*z**2 - 2*z - 36. Let v be j(-18). Let b(c) = -3*c - 9. Let n(p) = 7*p + 18. Let k(x) = -5*b(x) - 2*n(x). What is k(v)?
9
Let g be (0 - -1)*17 + -3. Let q(d) = d - 13. Determine q(g).
1
Let o(y) = -y**3 - 12*y**2 + 12*y - 4. Let v(w) = -w**2 + w. Let h(z) = -o(z) + 2*v(z). Calculate h(-11).
-7
Let q be 3 + (-3 - -2 - -1). Let v(d) = -d**2 + 2*d - 4. What is v(q)?
-7
Let b(x) = -x + 18. Suppose 10*k - 18 - 62 = 0. Calculate b(k).
10
Let o(z) be the third derivative of 0 + 0*z - 1/120*z**6 + 0*z**4 - 1/12*z**5 + 1/6*z**3 + 4*z**2. Determine o(-5).
1
Let c(x) = x**2 + 11*x - 7. Let k be c(-12). Let i(m) = 3*m - 2. Give i(k).
13
Let c(q) be the first derivative of -q**2/2 + 15*q + 36. Determine c(8).
7
Let c(r) = -r - 3. Let g = -2 - -5. Suppose 5*f + 2*d = -13, -g*f - 5 = 5*d - 1. Give c(f).
0
Let d be (-1)/(-2)*-2 - -1. Let c(y) = -y - 4. Let i be c(-7). Let l(f) = 2*f + 0*f - f + f**2 + i. What is l(d)?
3
Let k(b) = -b**3 - 1. Let z(g) = g**3 + 8*g**2 - g - 8. Let y be z(-8). Give k(y).
-1
Let u(w) = -21*w + 21. Let c(p) = 10*p - 10. Let r be 200/35 + 2/7. Let o(a) = r*u(a) + 13*c(a). Let k(b) = 7*b - 7. Let d(v) = -3*k(v) + 5*o(v). What is d(2)?
-1
Let n(x) = 2*x - 2. Let u(w) = w - 1. Let h(r) = 2*n(r) - 6*u(r). Calculate h(4).
-6
Let t(l) be the first derivative of -l**2 + 10*l - 1. Calculate t(7).
-4
Let i(c) = c**2 + 3*c - 5. Let a be i(-5). Let k(r) = 3 - r - 4 + 4 - a. Calculate k(-4).
2
Let n = -9 - -15. Suppose 5*j + 1 = n. Let p = 1 - j. Let o(f) = f**2 - 4. Determine o(p).
-4
Let f(v) be the second derivative of -v**5/10 - v**4/3 - v**3/2 + 7*v. Let u be f(-2). Let j(w) = w**3 - 5*w**2 - 8*w + 5. Calculate j(u).
-7
Suppose -3*l + o = -70, -84 - 56 = -5*l - 3*o. Let b be 20/l*(-5)/(-2). Let q(a) = -a - 1. Determine q(b).
-3
Let o(s) = 7*s + 7. Let f(h) = 0*h + 3 - 2 + h. Let m(c) = 5*f(c) - o(c). Let l(g) = g + 8. Let w be l(-6). Calculate m(w).
-6
Let j(x) = 11*x. Let m(o) = o + 1. Suppose 5*l = 5 - 30. Let p = l + 5. Let y be m(p). Calculate j(y).
11
Let h(y) = -48*y + 56*y + 5 + y**3 + 8*y**2 + 0. Calculate h(-7).
-2
Let u be 2/3 + 16/(-6). Let o be 2*u/6*3. Let g(b) be the first derivative of -b**4/4 - 5*b**3/3 - 3*b**2/2 + 2. Determine g(o).
-6
Let a(r) be the third derivative of r**5/30 - r**3/3 + r**2. Suppose -i + 4 = i. Let s be i + -1 + 1 - 0. Determine a(s).
6
Let n = 18 - 12. Let g(c) = 3 + 0 - 7 - 10 + c. What is g(n)?
-8
Let v be -2*-6*(-4)/(-6). Let t(y) = y. Let m be t(v). Let b = m + -2. Let x(d) = -d**3 + 5*d**2 + 6*d - 7. Determine x(b).
-7
Let f(z) = 4*z**2 + 0*z**2 + 0*z**2. Suppose 3*b + 1 + 1 = -5*g, 5*g - 4*b = -9. Calculate f(g).
4
Let z be -4 - (-9 - (-3 - -2)). Let q(j) = 3 + 6 - 2*j - 5. Determine q(z).
-4
Let b(y) be the first derivative of y**4/4 + 2*y**3/3 + y**2 + 2*y + 59. Suppose q + 0 + 2 = 0. Determine b(q).
-2
Let n(c) be the second derivative of 0 + c + 0*c**2 + 1/6*c**3. Let z(y) = -y**2 - 2*y - 4. Let q(k) = n(k) + z(k). Determine q(0).
-4
Let l be 0 + 2 + (4 - 3). Let p(t) = -2 + 2*t**l - 2*t**2 - 3*t**3 + 0*t**2. Suppose -6*j = -j + 15. Give p(j).
7
Let m(o) = -o**2 + 13 - 13 - o. Give m(-2).
-2
Let q(k) = 2*k + 14. Let c(p) = -3*p - 21. Let a(n) = 5*c(n) + 8*q(n). Give a(-5).
2
Let v(n) = 2*n - 5*n - 4*n + 5 + 4*n. Let z = 10 + -6. Determine v(z).
-7
Let m = -5 - -14. Suppose 7 = 3*x - 3*h - 14, x + h - m = 0. Suppose 2*z + x = -2*z. Let j(u) = -u**3 - 2*u**2 - 3*u - 1. Give j(z).
5
Let i(w) = -w**2 + 13*w - 41. Let k be i(7). Let n(f) = 3*f**2 - 2*f**3 - 4*f**2 + 0*f**2. Give n(k).
-3
Suppose -4*c + 4 + 12 = 0. Let g(o) = -o**2 - 6*o - 2. Let v(x) = 6*x + 1. Let s(z) = 2*g(z) + 3*v(z). Calculate s(c).
-9
Let s = 17 - 12. Let o = 10 - s. Suppose -4*y - 4 = -x - x, -y = o*x + 12. Let v(p) = -5*p - 3. What is v(y)?
7
Let k be (-24)/(-9) - (-14)/(-21). Let j(h) be the first derivative of h + 2 - 1/2*h**k. Give j(-2).
3
Let a be (-10)/(-3)*12/8. Let m(z) = -z**2 + 5*z + 6. Determine m(a).
6
Let x(o) = -6*o - 7*o**2 + 3*o**2 + 9*o. Let z(r) = -r**2 - 10*r - 7. Let f be z(-9). What is x(f)?
-10
Let p(k) = -10*k**2 + 5*k - 4. Let u be (-46)/10 + 16/(-40). Let o(s) = 7*s**2 - 3*s + 3. Let g(l) = u*p(l) - 7*o(l). Give g(5).
4
Let z be -3*((-11)/3 + 0). Suppose -4*q - z = 5. Let v(f) = -f**3 - 3*f**2 + 4*f - 1. Calculate v(q).
-1
Let d(r) be the first derivative of -r**2/2 - 7*r - 3. Let u be d(-9). Let o = -2 + u. Let t(z) = z + 7. Give t(o).
7
Suppose 0 = 2*t + 3 + 5. Let c = t - -10. Let x(h) be the second derivative of h**4/12 - 5*h**3/6 - 3*h**2 - 4*h. What is x(c)?
0
Suppose 2*u + 7 = -z - 9, -z = 3*u + 18. Let j be z/18 + 58/6. Let h = j - 4. Let c(f) = 2*f - 3. Determine c(h).
7
Let u(k) = 4*k**2 - 6*k + 0*k**2 - 3*k**2 - 7. Suppose -3*l + 0*z + 5*z = 0, 2*l + 2*z = 0. Suppose -3*w - 12 = l, 5*x - 2*w - 50 = 3*w. Give u(x).
-7
Let i(y) = y**2 + y - 2. Let g(s) = s - 13. Let j be g(6). Let n = j - -5. Calculate i(n).
0
Let h(r) = 0*r**3 + 5*r**2 + r**3 + 3*r - 8*r. Suppose -2*x = -2*p - 0*p + 14, 0 = x - 3*p + 9. Give h(x).
-6
Suppose 7 = 3*s - x, -x + 2*x = 4*s - 9. Let t(n) = n + 2. Let q be t(-1). Let d(g) = s + 2*g - q - 3. Give d(3).
4
Let m(q) be the first derivative of q**4/4 - 5*q**3/3 - 4*q + 29. Determine m(5).
-4
Let k(z) = -z - 5. Let p be k(-8). Let r(j) = -4*j + 3 - 6 + 7. What is r(p)?
-8
Let z(i) be the third derivative of -i**4/24 + i**3 + i**2 + 12. Give z(10).
-4
Let h(x) = -x**2 + 7*x - 9. Suppose 7 = l + 1. Determine h(l).
-3
Let c be (-9)/(-27)*6*2. Let w(i) = 2*i**3 + c*i - 6*i**2 - 2 + 2*i**2 + 0. Determine w(2).
6
Let g(i) = i**3 + 9*i**2 + 8*i - 1. Let f be g(-8). Let w(u) = 2*u - 5. Let q(x) = -3*x + 7. Let a(s) = 5*q(s) + 7*w(s). What is a(f)?
1
Suppose -4*c + 8*c + 24 = 0. Let w(m) be the second derivative of m**4/12 + m**3 - m**2/2 - m. Determine w(c).
-1
Let n = 2 + 2. Let c(z) = -z**3 + 2*z**2 + 7*z - 5. What is c(n)?
-9
Let c(m) = 3*m - 4*m**2 + 3*m**2 - 13*m**2 + 12*m**2. Let h = -3 - -5. What is c(h)?
-2
Suppose -2*m - 15 = -5*m. Let f be m - (1 - (-1 + 2)). Let x(t) = 0 + f - 3 + t. What is x(-1)?
1
Let k(l) = -l**2 + 4*l - 4. Suppose 0*b - 3*b + 28 = 4*m, 0 = -3*b - 3*m + 27. Let t = b - 4. Let i(c) = -c**2 + 5*c + 1. Let g be i(t). Determine k(g).
-9
Let u(k) = 4*k - 7. Let w be u(3). Let a be w + -11 - (0 - 1). Let v(z) = z**2 + 6*z + 1. Give v(a).
-4
Let c(y) = -y - 3 + 1 - 1. Calculate c(3).
-6
Let a(j) be the third derivative of 0 + 1/6*j**3 + 0*j + 1/120*j**6 + 1/6*j**4 - 1/12*j**5 - j**2. Determine a(4).
1
Let v(w) = -w - 2. Let k(q) = 2*q + 4. Let n(j) = 3*k(j) + 7*v(j). Determine n(-3).
1
Let x(s) be the third derivative of s**5/30 + 2*s**3/3 - 7*s**2. Let y(d) be the first derivative of x(d). Let f = -4 - -3. Determine y(f).
-4
Let z(f) = 4*f**2 - 6*f. Let i(h) = -h**2 + h. Let y(l) = -3*i(l) - z(l). Give y(5).
-10
Let s(j) = -4*j - 11. Let x(w) = -3*w - 10. Let z(u) = 2*s(u) - 3*x(u). Calculate z(-7).
1
Let c(z) = z + 2. Suppose 4*v - 3*d + 12 = d, -2*d = 4. Let u(x) be the third derivative of x**4/8 + x**3/2 - x**2. Let q(h) = v*c(h) + 2*u(h). Give q(3).
-1
Let l(g) = -g**2 - 5*g - 1. Let q be l(-2). Let u(p) = p**2 - 7*p + 3. What is u(q)?
-7
Let h(c) be the first derivative of 3*c**2/2 - 1. Let j be 4/((-8 - -8) + 2). Give h(j).
6
Let c = 3 + -1. Suppose 0*m + 4 = c*m. Let l(a) = -5*a + a + m*a. Determine l(1).
-2
Suppose -16 = -4*y, 3 = 5*w + 2*y + 25. Let z = -10 - w. Let o(k) = -2*k - 4. Give o(z).
4
Let w(g) = -g**3 - 4*g**2 - 6*g - 7. Let r(q) = q**3 + 4*q**2 + 7*q + 8. Let h(o) = 4*r(o) + 5*w(o). Give h(-3).
-6
Let h = 11 + -11. Let k(b) be the second derivative of b**3/6 - 11*b**2/2 - 4*b. Determine k(h).
-11
Let c(y) be the third derivative of -y**4/24 + 11*y**3/6 - 2*y**2. Let h(o) = -o**3 + 16*o**2 - 15*o + 5. Let x be h(15). What is c(x)?
6
Suppose l = -3*l + 2*x + 30, 4*l = -4*x. Let h(d) = 0*d**3 - d + d**3 +